erivative of -q**3 + q**2 + q + 2. Suppose 2*u = -f + 11, 6*u - u - 35 = -5*f. Let p be 10/u - 7/14. What is t(p)?
-7
Let v(h) be the third derivative of 7*h**4/12 - 20*h**2 - 2*h. Give v(1).
14
Let b(o) = o**3 - 4*o**2 - 5*o + 5. Let k(i) = i**3 - 8*i**2 - 10*i + 13. Let r be k(9). Let u = r + -2. Suppose -u*d + 13 = 2*m + m, 4*d + 4 = 0. What is b(m)?
5
Let l(t) = 5*t - t**2 + 11 - 24 + 11. Determine l(6).
-8
Let a(s) = s + 5. Suppose k = -5*x - 4*k, -10 = -2*k. Let l be (-1 - 2 - -2) + x. Give a(l).
-1
Let z(v) = 1 - 2 - 3*v - v**2 + 4. Let k be 246/8 - 15/(-60). Suppose -5*w + 6 = k. Give z(w).
-7
Let a(d) = d**2 + 5. Let g be a(0). Let q(b) = 2*b - 1. Calculate q(g).
9
Let u(g) = -g**2 + 3*g + 3. Let m = -8 - -12. Let w be u(m). Let l(y) be the first derivative of y**4/4 - y**3/3 + y - 1. Calculate l(w).
-1
Let s be -3 + (4 - 1 - -12). Suppose -3*q - 24 + s = 0. Let m(x) = -2*x**2 + 6*x + 3. Let i(f) = -3*f**2 + 11*f + 7. Let g(w) = 3*i(w) - 5*m(w). Calculate g(q).
10
Let y(x) be the first derivative of x**4/2 + x**3/3 + 3*x**2/2 + 2*x - 1. Determine y(-2).
-16
Let a(q) = -7*q**3 + 2*q - 1. Suppose -3*k = -3*t - 3 - 0, -t = 3*k - 3. Calculate a(k).
-6
Let b(w) = -4*w**2. Suppose 0*u + 2 = u. Suppose -2 = -4*f + u. Let i be b(f). Let x(m) = m**2 + 4*m + 3. What is x(i)?
3
Let p(d) be the second derivative of -d**4/12 - d**3/3 - d**2 - 27*d. What is p(-4)?
-10
Let h(k) = k**3 + 7*k**2 + 7*k + 7. Let n be 6*(-4)/8*2. What is h(n)?
1
Let l(f) = f**2 - 5*f + 2. Suppose -4*b - 21 = -x, 2*x + 0*b - 2*b = 18. Suppose -4*z = r - 3, 0 = -z + 4*r - 5 - 7. Suppose -g + x = -z*g. Calculate l(g).
2
Let p(g) be the first derivative of -g**4/4 - g**3/3 + g**2/2 + 13*g + 37. Let j be (-1*(1 - 1))/(-1). Calculate p(j).
13
Let o(m) be the first derivative of 1/3*m**4 + 0*m**3 + 1/20*m**5 + 1 - m - m**2. Let q(v) be the first derivative of o(v). Determine q(-3).
7
Let j(d) = 3*d**3 + 7*d**2 - d. Let v(m) = -6*m**3 - 13*m**2 + m. Let h(k) = -7*j(k) - 4*v(k). Determine h(-2).
-18
Let o(h) = h + 2. Let v(p) = -p - 2. Let x(c) = -7*o(c) - 6*v(c). Suppose -2*b - 6 = b. What is x(b)?
0
Let j(a) = 4*a**3 - 5*a**2 - 4*a - 5. Let i(n) = 5*n**3 - 5*n**2 - 4*n - 5. Let s(u) = -3*i(u) + 4*j(u). What is s(6)?
7
Let k(l) = -5*l**3 + 16*l**2 + 4*l - 4. Let r(p) = -p**3 + 4*p**2 + p - 1. Let q(d) = 2*k(d) - 9*r(d). Determine q(-2).
-5
Let d(g) = -g**3 - 4*g**2 + 5*g - 1. Suppose 3*a - 2*a - 11 = 2*r, 0 = -2*a - 2*r + 4. Suppose 5 = a*f - 10. Suppose f*n + 17 = 2. Determine d(n).
-1
Let j(m) = -m + 10. Let u(f) = 2*f - 6. Let t be u(3). What is j(t)?
10
Let i(o) be the first derivative of -1/2*o**2 - 2 + 1/3*o**3 + 3*o. Let v = -1 + 1. Give i(v).
3
Let d(l) be the first derivative of -l**3/6 - l**2 + 4*l - 3. Let u(f) be the first derivative of d(f). Calculate u(5).
-7
Let s(j) = 10*j - 4. Let m(n) = 10*n - 5. Let r(x) = 3*m(x) - 4*s(x). Let i(z) = -z**3 - 8*z**2 - 7*z + 2. Let q be i(-7). Suppose q*b + 4 = 6*b. Give r(b).
-9
Let h be (18/(-12))/((-9)/(-12)). Let a(n) = -n + 1 + 2*n + 0. Determine a(h).
-1
Let k(g) = -4*g**2 - 3 - 5 - g**3 + 13 - 5*g - 8. Determine k(-3).
3
Let u(n) be the second derivative of n**3/6 + n**2/2 - n. Let q be ((-15)/(-1))/(12/4). Give u(q).
6
Let k(o) be the second derivative of o**5/120 + o**4/24 - o**3/6 - 6*o. Let u(b) be the second derivative of k(b). Give u(-1).
0
Let m(x) = 3*x**2 + 6*x + 9. Let r(o) = -4*o**2 - 9*o - 13. Let v(q) = 7*m(q) + 5*r(q). Calculate v(5).
8
Let b = 5 - 5. Suppose b = 3*l - 2*l - 7. Let j = 10 - l. Let d(f) = f - 3. Determine d(j).
0
Suppose -5*b + 3 = -7. Suppose -j = -b*j + 5. Suppose 0 = -j*n - 2*f + 26, 6*n + 4*f = n + 32. Let d(o) = 2*o - 2. What is d(n)?
6
Suppose -4 = z - 3*j, -2*z + 3*j = -j + 8. Let l(h) be the first derivative of -5*h + 2*h**3 + 2*h**2 - 11 + 1/4*h**4. Determine l(z).
11
Let s(n) be the second derivative of -n**5/20 + 5*n**4/12 + n**3/3 - 3*n**2 - n. Let i(m) = m**2 + 8*m - 2. Let h be i(-7). Let k = -4 - h. What is s(k)?
4
Let l be 99/44 + (-1)/4. Let q(d) = 3 - 3*d - l*d + 2*d. Determine q(5).
-12
Let w(o) = -o**3 + 18*o**2 + 3*o - 52. Let f be w(18). Let z(j) = -j**2 - j + 2. What is z(f)?
-4
Let s(h) = h**3 + 6*h**2 - 4. Let k(j) = -13*j - 4. Let a be k(6). Let t = a + 42. Let y be 3/5 + 264/t. Calculate s(y).
-4
Suppose 0 = 3*y - 8*y + 25. Let d(i) = -i - 5 + 2*i + 1. Calculate d(y).
1
Let k(s) = s - 4. Let i be (-15)/(-6)*(-12)/(-5). Determine k(i).
2
Suppose 3*c + 37 = -5*f, 0*c - 7 = 3*c - f. Let i(k) be the first derivative of -k**3/3 - k**2 + k - 57. What is i(c)?
-7
Let m(c) be the second derivative of 2*c**3/3 + 3*c**2/2 - 4*c. Calculate m(-4).
-13
Let u(a) be the second derivative of a**4/12 + 4*a**3/3 + 9*a**2/2 + 11*a. Give u(-6).
-3
Suppose 12 = -26*r + 30*r. Let b(d) be the second derivative of -1/12*d**4 + 2*d - 2*d**2 + 5/6*d**r + 0. Give b(3).
2
Suppose 2 = -2*k - 4. Let m = k + 0. Let a(t) = -2*t + 17. Let n(o) = o - 8. Let x(j) = -6*a(j) - 13*n(j). Determine x(m).
5
Let n = -45 + 41. Let j(r) = r**3 + 3*r**2 - 4*r - 5. What is j(n)?
-5
Let z(x) = -164*x + 13 - x**2 + 166*x - 6. Determine z(5).
-8
Let l(r) = -r - 9. Let w be 2/(-5) - (-7)/5. Let b be (w - (-54)/(-4))*-2. Suppose b = 2*z - 5*c, 0*c - 3*c = 3*z + 15. Calculate l(z).
-9
Let z = -9 - -15. Suppose 2*g = g + 3. Let v(w) = -5*w**2 + 5*w**2 - w + w**g - 6*w**2 + 2. Calculate v(z).
-4
Let u(k) = 4*k**2 + 3*k + 4. Suppose 0 = -2*t + 6 - 0. Let v(l) = -5*l**2 - 2*l - 5. Let j(c) = t*v(c) + 4*u(c). Calculate j(-5).
-4
Let x(v) = -2*v - 6. Let d(g) = -g**2 + 3*g + 6. Let p = 7 + -20. Let m = 18 + p. Let n be d(m). Give x(n).
2
Let k(s) = s**2 + 4*s + 3. Let q(m) = -m - 5 + 16*m**2 + 3 - 17*m**2 - 3*m. Let w(z) = 5*k(z) + 4*q(z). Suppose -3*i = 19 - 4. What is w(i)?
12
Let h(c) = -3*c**2 + 2*c - 3*c**2 - 3*c. Determine h(1).
-7
Let k(r) = -r + 5. Suppose -3 = -d + y, 2*d + 4*y - 2 - 16 = 0. Calculate k(d).
0
Let l(x) be the second derivative of x**3/6 + x**2/2 + 30*x. Calculate l(3).
4
Let l be -1*(-5 + 5 + 2 + -1). Let r(t) = 24*t**3. Calculate r(l).
-24
Let f(a) = -a + 1. Let w be 6/(5 - (0 - -3)). Suppose -2*y - y + w = 0. Give f(y).
0
Let q(b) = -b - 1. Let p(x) = 2*x**3 - 2*x**2 + 3*x - 2. Let w be p(2). Let h be (-3)/(-2) - w/(-8). Determine q(h).
-4
Let b = 15 + -20. Let o(a) = a**3 + 8*a**2 - 7*a - 5. Let q(r) = 2*r**3 + 15*r**2 - 14*r - 9. Let y(t) = 7*o(t) - 4*q(t). Determine y(b).
-9
Suppose -3*w = -4*j + 6, 3*w - 3 = -0*w + j. Let g(x) = -3*x. Let c(f) be the third derivative of f**4/24 + 3*f**2. Let i(n) = w*g(n) + 5*c(n). What is i(-4)?
4
Let l(a) = -a**2 + 6*a - 2. Let i be l(4). Let x(r) be the second derivative of -r**3/6 + 7*r**2/2 - 4*r. What is x(i)?
1
Let c(f) = f**3 - 2*f**2 + 8*f - 27. Let s be c(3). Let o(x) = -x**2 - x - 1. Let r(g) = -4*g**2 - 11*g - 12. Let q(j) = -5*o(j) + r(j). What is q(s)?
-7
Let j(f) = -f**3 - 3*f**2 + 6*f + 5. Let g = 1 + -5. Calculate j(g).
-3
Let l(w) = w**3 + 2. Let n be 2 + 0 + 2 + -4. Let u be l(n). Let v(i) = -4 + 0*i + 7 + i**u + 6*i. Give v(-4).
-5
Let j(l) = -l**3 + 4*l**2 + 2*l - 3. Let q be 1/3 - (-72)/27. Let y be 8/q - 4/6. Determine j(y).
9
Let x(h) = -294 + 289 - 2*h - 4*h + 4*h. Give x(-6).
7
Let r(a) be the third derivative of a**7/840 - a**6/90 + a**5/30 - a**4/24 + a**3/3 - 8*a**2. Let m(h) be the first derivative of r(h). What is m(3)?
2
Let k(q) = q - 2*q**2 + 3*q**2 + 56 - 55. Determine k(-1).
1
Let m(n) be the first derivative of n**4/4 - 7*n**3/3 + 2*n**2 + 3*n - 14. Calculate m(6).
-9
Let q(c) = c**2 + 7*c + 3. Suppose 0*y = 5*z + 2*y - 33, -2*y = -4*z + 12. Suppose -6*f + f - z*w = 20, 2*w + 13 = -3*f. Calculate q(f).
-7
Let z(s) = 2*s**2 + 6*s. Let f = -10 - -6. What is z(f)?
8
Suppose -7 = w + 4*j, 2*j + 0 = -10. Suppose 0 = t - 0*t - 1, 2*t + 25 = i. Let q(m) = 27 - w*m - i. Give q(-1).
13
Let b(j) = -2*j + 1 - 8 + j. Let g(s) = 3*s + 1. Let i be g(-2). Give b(i).
-2
Let j = 21 - 20. Let a(q) be the third derivative of q**2 - 1/30*q**5 + 1/24*q**4 + 0*q + 0 + 0*q**3. Calculate a(j).
-1
Let q = 16 + -16. Let b(v) = -v**2 + 9 - 3*v + 1 + 2*v. Give b(q).
10
Let f(v) be the second derivative of v**3/6 + 2*v**2 - 7*v. Let j = 6 - 12. Determine f(j).
-2
Let u(r) be the first derivative of -1/360*r**6 + 1/24*r**5 + 2 + 0*r**2 - 1/6*r**4 